 of (f/(-2))/(-11 + 9)?
7
Let t(w) = -15*w - 1. Let r(u) = 29*u + 1. Let j(x) = -6*r(x) - 10*t(x). Let f = -423 - -418. What is the hundreds digit of j(f)?
1
What is the thousands digit of 1/(((-170)/(-4976495))/((-2)/(-1)))?
8
Let t = 25314 - 12357. What is the units digit of t?
7
Let h = -11 + 7. Suppose 2*c - 3*r = 241, -1 = -4*r + 11. What is the units digit of h/(0 + -4) + (c - 2)?
4
Let o be (1 + 4/(-3))*(17 - 26). Suppose -2*t + 1767 = -3*u, o*t + 2*u - 1781 - 863 = 0. What is the hundreds digit of t?
8
Suppose -97*i + 2660 = -93*i. Suppose 2*d + 69 = i. What is the units digit of d?
8
Suppose 2326*c - 3*k + 177264 = 2330*c, c = 5*k + 44362. What is the thousands digit of c?
4
Let h(d) = d**3 - 74*d**2 + 2*d - 224. What is the units digit of h(76)?
0
Let d be 0 + -1 + 0 + 1 - -3. Suppose m - 73 = -d*c, -10*m + 258 = -6*m - 5*c. Let g = m - -6. What is the tens digit of g?
7
Let w(o) = -o - 10. Let g be w(-8). Suppose 0 = -67*y + 61*y - 144. What is the tens digit of -100*g*(-3)/y?
2
Let g(c) = 8*c + 23. Let m(n) = 7*n + 23. Let w(q) = 2*g(q) - 3*m(q). Let h be w(-8). Suppose -14*t + h*t - 162 = 0. What is the tens digit of t?
5
Let b(r) = 234*r**2 + 34*r - 1. What is the units digit of b(-11)?
9
Let d(y) = 222*y**2 - 58*y - 173. What is the tens digit of d(-8)?
9
Let b(x) = 504*x**2 + 179*x - 101. What is the tens digit of b(7)?
4
Let x be 8/((-4)/156*2). Let f be ((-1938)/21)/1 - (-8)/28. Let v = f - x. What is the tens digit of v?
6
Let k = 10209 - 5798. What is the tens digit of k?
1
Let w(j) = -2*j**3 + j**2 - 2*j + 1. Let k be w(2). Let x be (6 + 3)/(-3)*k*6. Suppose 5*v = 3*v + x. What is the hundreds digit of v?
1
Let k = 13531 - -24180. What is the tens digit of k?
1
Suppose j - 9 = 5*v, -5*j + 4*v = -60 - 69. Let f = j + -26. Suppose 5*g - 4*q = -3*q + 381, -5*q = -f*g + 233. What is the units digit of g?
6
Suppose 188*r - 192*r - 3800 = 0. Let x = -73 - r. What is the tens digit of x?
7
Let r(c) = 2*c - 8 - 7 - 2*c - 3*c. Let o be r(-6). Suppose 0 = -2*f + b + 23, -b = -o*f - 3*b + 45. What is the units digit of f?
3
Suppose 0 = 4*c - 2*b - 14282, 3*b = -5*c + 2427 + 15420. What is the tens digit of c?
7
Let q = 10551 - 2473. What is the hundreds digit of q?
0
Suppose -4*j + 8 = -3*v, j + 9 + 12 = -5*v. Let l be -2 + (-3 - -52) - j. Let a = 18 + l. What is the tens digit of a?
6
What is the thousands digit of (-1353)/(-12)*(-48)/40*(-260)/6?
5
What is the hundreds digit of 0 + 19223 + (-18 - -15)?
2
Let f = 26902 - 15940. What is the thousands digit of f?
0
Let j(z) = z**3 + 22*z**2 + 73*z + 169. What is the units digit of j(-14)?
5
Suppose 50*x - 3*q = 55*x - 61294, -12250 = -x - 5*q. What is the tens digit of x?
6
Let w be 1542/(-8) + -5 - 1/4. Let y be 4 + (0 - w)*-1. Let s = -11 - y. What is the tens digit of s?
8
Let w(n) = 3025*n - 1014. What is the thousands digit of w(16)?
7
Let y be (5750/15 + -5)*6. Suppose -3*q - 275 = -y. What is the hundreds digit of q?
6
Let y = -5159 - -13762. What is the thousands digit of y?
8
Let k = 1436 + -371. Let g = k - 717. What is the tens digit of g?
4
Let z be (-1200)/225*(221 + 1). Let x = -446 - z. What is the tens digit of x?
3
Let j(s) be the second derivative of -s**4/12 - 7*s**3/2 + 21*s**2 + 76*s. What is the units digit of j(-17)?
0
Let n(a) = -203*a + 204. Let x be n(1). Let g(r) = -r**2 - 2*r**2 + r + r + 1 + 59*r**3. What is the units digit of g(x)?
9
Suppose 0 = 2*i + 2*g - 10, -2*i + 6 + 2 = g. Suppose -4*t + 580 = -2*q - i*q, -4*t = -q - 564. Let r = t - 98. What is the tens digit of r?
4
Let o(b) = 17607 + b**2 - 7*b - 17655 - 7*b. What is the hundreds digit of o(24)?
1
Suppose -24618 = -60*p + 15222. Let m = p - 489. What is the tens digit of m?
7
Let l be 0*((-4)/(-16) + 0). Let z(i) = -18 - i**2 + 7*i**2 - 8*i**2 - 42*i + l*i**2. What is the tens digit of z(-20)?
2
Let a(l) = -12*l + 45. Let t be a(3). Let q(f) = f**3 - 8*f**2 + 8*f - 3. What is the units digit of q(t)?
0
Let m be ((-9738)/27)/(12/18). Let r = 47 - m. What is the units digit of r?
8
Suppose -3718 + 565 = 3*h. Let m = h - -2128. What is the hundreds digit of m?
0
Let a be -7 - 15/(-5)*9. What is the tens digit of 6594/10 + 4/a*-2?
5
Suppose -6*i + 649 + 323 = 0. Suppose -i*l + 22410 = -147*l. What is the hundreds digit of l?
4
Suppose -12*x = -x + 4774. Let a = 57 - x. What is the units digit of a?
1
Let n = -37484 + 69810. What is the thousands digit of n?
2
Let k = 32382 - 17056. What is the ten thousands digit of k?
1
Let l be -1*(-2 + (3 - 7)). Let w(d) = -d**2 - 9*d + 6. Let u be w(-10). What is the tens digit of (-2)/l + (-202)/(-3) + u?
6
Suppose 7 = h - 2*q, h + 11 = -0*h - 4*q. Suppose -b + 6 = h. Let y(w) = 2*w + 6. What is the units digit of y(b)?
6
Let b be (-14*(-299)/26)/1. Suppose 4*o - 18 = -r + 2, 2*o - r - 4 = 0. What is the hundreds digit of ((-44)/14 + o)*b?
1
Let b(d) = -4 - 6*d + 0*d + 16. What is the tens digit of b(-20)?
3
Suppose 45*i = 40*i + 29525. What is the tens digit of 2/(-10) + (-6)/((-150)/i)?
3
Let m be 0/(-2) - 3*(-11 + -53). Let p be 808/(-6) + (-2)/(-3). Let w = m + p. What is the units digit of w?
8
Let y = -43 + 45. Suppose y*n + 2 = 8. Suppose 2*x + 30 = n*b + x, 2*x + 49 = 5*b. What is the units digit of b?
1
Let r(o) = -o - 18. Let p be r(-20). Suppose 2*m - 2 = 4*q - 16, -37 = -p*q - 5*m. Suppose -q*x = -66 - 150. What is the tens digit of x?
3
Let a(c) = 4610*c + 231. What is the ten thousands digit of a(3)?
1
What is the hundreds digit of (3 + (-161)/21)*53640/(-14)?
8
Let x be -19*2*(12 + -9)/3. Suppose -4*l - 96 = 8. Let v = l - x. What is the tens digit of v?
1
Suppose -5*t + 4*p = -37494, 15*t - 30020 = 11*t - 3*p. What is the hundreds digit of t?
5
Let i(b) = -20*b**3 - b**2 + 1. Let o(w) = w**3 - 5*w**2 - 13*w - 7. Let u be o(6). Let a = u - -48. What is the units digit of i(a)?
0
Let q(t) = -6*t - 4. Let i be 2 + (2*-3 - 1 - 1). Let x be (i/4)/(48/32). What is the units digit of q(x)?
2
Suppose 4*w + 6*l - 3*l + 3 = 0, 2*l + 2 = -w. Suppose -3*i - h + 58 = -0*i, 3*i - 2*h - 64 = w. Suppose z - 12 = i. What is the units digit of z?
2
Let d = 2254 + -1275. Let g = d - 579. What is the tens digit of g?
0
Let w be 686/49*(-1)/(-2). Suppose 380 = w*n - 152. What is the tens digit of n?
7
Let w = 8061 - 2798. What is the thousands digit of w?
5
What is the tens digit of (56/140 - 54/110) + (-138405)/(-33)?
9
Let y(o) = -o. Let u(x) = -58*x + 30 + 100*x - 73*x. Let a(z) = -u(z) + 4*y(z). What is the units digit of a(5)?
5
Let a be -2 - (0 - (-4 - -13)). Let j(b) = b**2 - 3*b - 22. Let t be j(a). What is the units digit of 20/(-30) + 202/t?
3
What is the thousands digit of (-47 + 61)/(2/320)?
2
Suppose -3*x - o + 5523 = 0, 4*x - 78*o = -73*o + 7383. What is the thousands digit of x?
1
Suppose 0 = 5*p - 2 - 18. Suppose 1301 = 18*z - 13*z + 4*s, p*z - 1036 = -2*s. What is the units digit of z?
7
Let p = -607 - -599. What is the units digit of 14*p/(-28) - -8?
2
Let c = 587 + -581. Suppose 4*n + 2896 = c*g - 2*g, 2*g = -3*n + 1438. What is the tens digit of g?
2
Let r(b) = -b**2 + 7*b + 13. Let o be 160/16 + -3 + (2 - 1). Let t be r(o). Suppose t*q - 535 = -5*m, 2*q = -5*m + 7*q + 575. What is the hundreds digit of m?
1
Suppose -3*g = -3*o + 64071, -5*o - 2*g = -5*g - 106789. Suppose 2615 - o = -71*p. What is the units digit of p?
4
Let v(u) = -5*u**3 + 9*u**2 + 12*u + 901. Let g(l) = 9*l**3 - 16*l**2 - 22*l - 1801. Let j(z) = -4*g(z) - 7*v(z). What is the tens digit of j(0)?
9
Suppose 4*y - 45 = 3*y. Let i = y - -170. Let z = i + -127. What is the units digit of z?
8
Suppose -4*m = -10*m + 30. Suppose -m*c + 7*c + 552 = 0. Let w = -173 - c. What is the hundreds digit of w?
1
Let p(n) = -7*n - 14. Let m be p(-6). Suppose 4*h + 2*q + m = 0, -q = 5*h + q + 37. What is the units digit of (2 - 1)*27 + (-6 - h)?
0
Let f = 21820 - -8116. What is the tens digit of f?
3
Let o(i) = -1076*i - 5469. What is the tens digit of o(-13)?
1
Let n(u) = 23*u**2 + 416*u + 32. Let j be n(-18). Let s be (1 - -1)/(-2 + 4). What is the tens digit of j/6*s + 290/3?
9
Let h be (-7 - (-10717)/(-14))*-2. Suppose 7*x - h - 3397 = 0. What is the tens digit of x?
0
Let q be 3 + -1 + 0 + -2. Let u(g) = g**3 + 2*g**2 + 4*g + 5. Let d be u(0). Suppose -169 = -d*s - 4*h, 5*s + 0*h + 3*h -